{"id":58,"date":"2014-03-22T16:34:00","date_gmt":"2014-03-22T15:34:00","guid":{"rendered":"http:\/\/www.caravanstallingborculo.nl\/cms\/?page_id=58"},"modified":"2019-10-12T10:57:49","modified_gmt":"2019-10-12T09:57:49","slug":"voorwaarden","status":"publish","type":"page","link":"http:\/\/www.caravanstallingborculo.nl\/?page_id=58","title":{"rendered":"Voorwaarden"},"content":{"rendered":"<p>Bij het huren van een stallingsplek gelden in het kort de volgende voorwaarden:<\/p>\n<h4>Stallingsperiode<\/h4>\n<p>De overeenkomst wordt aangegaan voor een periode van \u00e9\u00e9n jaar en wordt stilzwijgend steeds \u00e9\u00e9n jaar verlengd. Opzeggen kan tot uiterlijk \u00e9\u00e9n maand voor afloop van de lopende termijn. Het stallingsjaar loopt van 1 september tot en met 31 augustus.<\/p>\n<h4>Stallingsom<\/h4>\n<p>De\u00a0<a title=\"Tarieven\" href=\"http:\/\/www.caravanstallingborculo.nl\/cms\/?page_id=61\">tarieven\u00a0<\/a>voor het stallen van een caravan of vouwwagen, zijn per strekkende meter vastgesteld. De som wordt berekend over de totale lengte van het object (inclusief dissel en eventueel fietsenrek).<br \/>De totale jaarhuursom is bij vooruitbetaling verschuldigd. Er vindt geen restitutie plaats bij tussentijdse opzegging.<\/p>\n<h4>Halen en brengen<\/h4>\n<p>Bij het halen en brengen moet 2 dagen van tevoren bericht gedaan worden.<br \/>Twee keer per jaar kan het object kosteloos opgehaald worden, daarna wordt per keer een bedrag van \u20ac 10,- in rekening gebracht.<\/p>\n<h4>Stallingvoorwaarden<\/h4>\n<p>De stalling geschiedt geheel voor eigen risico van de huurder, hij dient te zorgen voor voldoende dekking van de verzekering.<br \/>Het is niet toegestaan om brand- en\/of explosief gevaarlijke stoffen of bederfelijke goederen in het object achter te laten tijdens de stallingsperiode. Huurder is aansprakelijk voor schade welke door hem, dan wel het gestalde of de daarin aanwezige inventaris wordt veroorzaakt.<\/p>\n<h4>Rookverbod<\/h4>\n<p>Het is ten strengste verboden om te roken in de stalling.<\/p>\n<p>\u00a0<\/p>\n\n\n<p><\/p>\n","protected":false},"excerpt":{"rendered":"<p>Bij het huren van een stallingsplek gelden in het kort de volgende voorwaarden: Stallingsperiode De overeenkomst wordt aangegaan voor een periode van \u00e9\u00e9n jaar en wordt stilzwijgend steeds \u00e9\u00e9n jaar verlengd. Opzeggen kan tot uiterlijk \u00e9\u00e9n maand voor afloop van de lopende termijn. Het stallingsjaar loopt van 1 september tot en met 31 augustus. Stallingsom [&hellip;]<\/p>\n","protected":false},"author":1,"featured_media":0,"parent":0,"menu_order":0,"comment_status":"closed","ping_status":"closed","template":"","meta":[],"_links":{"self":[{"href":"http:\/\/www.caravanstallingborculo.nl\/index.php?rest_route=\/wp\/v2\/pages\/58"}],"collection":[{"href":"http:\/\/www.caravanstallingborculo.nl\/index.php?rest_route=\/wp\/v2\/pages"}],"about":[{"href":"http:\/\/www.caravanstallingborculo.nl\/index.php?rest_route=\/wp\/v2\/types\/page"}],"author":[{"embeddable":true,"href":"http:\/\/www.caravanstallingborculo.nl\/index.php?rest_route=\/wp\/v2\/users\/1"}],"replies":[{"embeddable":true,"href":"http:\/\/www.caravanstallingborculo.nl\/index.php?rest_route=%2Fwp%2Fv2%2Fcomments&post=58"}],"version-history":[{"count":9,"href":"http:\/\/www.caravanstallingborculo.nl\/index.php?rest_route=\/wp\/v2\/pages\/58\/revisions"}],"predecessor-version":[{"id":105,"href":"http:\/\/www.caravanstallingborculo.nl\/index.php?rest_route=\/wp\/v2\/pages\/58\/revisions\/105"}],"wp:attachment":[{"href":"http:\/\/www.caravanstallingborculo.nl\/index.php?rest_route=%2Fwp%2Fv2%2Fmedia&parent=58"}],"curies":[{"name":"wp","href":"https:\/\/api.w.org\/{rel}","templated":true}]}}